w - 4*w = -q - 7. Let j = w + 6. Suppose 0 = -3*m - j*f + 54, -7*m + 72 = -3*m - 4*f. What are the prime factors of m?
2, 3
Suppose 145 - 445 = -4*c. What are the prime factors of c?
3, 5
Let q = -23 - -41. Let a = 11 - q. Let g = a + 11. List the prime factors of g.
2
Suppose 8*j + 84 - 428 = 0. What are the prime factors of j?
43
Let j(n) be the third derivative of -n**6/120 + n**5/6 - n**4/4 - 5*n**3/3 - n**2. List the prime factors of j(9).
17
Suppose -4*c = -3*m + 26, -3*m + 3*c = -0*c - 30. What are the prime factors of m?
2, 7
Let f be -2 + (-4 - 2) + 0. List the prime factors of -1*1/(-1) - f.
3
Let q(b) = -b**3 + 5*b**2 + 7*b - 7. Let g be q(6). Let v = 4 + g. List the prime factors of (v + -1)/2 - -11.
2, 3
Let o(g) = g**3 - 9*g**2 + 2*g - 13. Let h be o(9). Suppose 44 - h = -c. List the prime factors of -3*(1 + c/9).
2, 5
What are the prime factors of 270/18*10/6?
5
Let a = 30 + -12. Let o be 4/a - (-291)/27. Suppose -o = -5*d + 24. List the prime factors of d.
7
What are the prime factors of 21/(-2 + (2 - -1))?
3, 7
Let h be (-270)/25 - (-1)/(-5). Let p be 1/1*1*18. Let g = h + p. What are the prime factors of g?
7
Let m(z) = -z**3 - 9*z**2 + 9*z - 12. Let w be m(-10). List the prime factors of (-5 + -2)*2/w.
7
Let q = 115 + -72. What are the prime factors of q?
43
Suppose -k - 17 = -4. Let i = k - -18. List the prime factors of i.
5
List the prime factors of ((-18)/45)/((-1)/15).
2, 3
Let y(q) = -q**3 + 4*q**2 + 3*q - 4. Let u be y(5). Let p = u - -24. What are the prime factors of p?
2, 5
List the prime factors of ((-16)/40)/(2/(-760)).
2, 19
Let n = -69 + 119. What are the prime factors of n?
2, 5
Let s(b) be the second derivative of 3*b**5/20 - b**3/6 + b**2/2 + 2*b. What are the prime factors of s(2)?
23
Let n be (0/(-1))/(2/(-2)). Suppose n = -5*p + 20, 3*p = -3*i - 0*i + 93. List the prime factors of i.
3
Let q = -7 + 10. Suppose 0 = 3*c - 6, q*i + 2*c = -3*c + 184. List the prime factors of 1/3 - i/(-6).
2, 5
Suppose 2*b - 4 = b + 4*p, 0 = -3*b + 3*p + 48. What are the prime factors of b?
2, 5
Suppose -h = -2 - 1. Let p be (8 - 1)*3/h. Let v = p - 1. What are the prime factors of v?
2, 3
Suppose -2*y + 62 + 20 = 0. What are the prime factors of y?
41
List the prime factors of (-168)/(-14)*4*1.
2, 3
Let c be 4 - -4 - 2*1. Let y(l) = -l**3 + 7*l**2 - 7*l + 8. Let s be y(c). What are the prime factors of 1/s*(-3 + 25)?
11
Let j(x) = -x**3 + 3*x**2 - 1. Suppose 5*r = f + 3 + 21, 5*r + 5*f - 30 = 0. Let k = r + -3. What are the prime factors of j(k)?
3
Suppose -2*u - 80 = -5*i + 53, 4*u = 3*i - 91. Suppose 2*c + 22 = 3*z - 10, -c = 2*z + 2. Let b = c + i. What are the prime factors of b?
3, 5
Let u(t) = 9*t**3 - 4*t**2 - 4*t - 3. Let d be u(-2). Let i = d + 49. Let z = i + 51. List the prime factors of z.
17
Let p(r) = -r - 4. Let v = -15 + 6. Let d be p(v). Suppose d*g = 2*g + 15. What are the prime factors of g?
5
Let d = 162 - 89. List the prime factors of d.
73
Let y = 346 + 61. List the prime factors of y.
11, 37
What are the prime factors of 2/(-3) + 768/18?
2, 3, 7
Suppose -4*c = -3*c + 1. Let h(q) = -15*q**3 + 2*q**2 + q. List the prime factors of h(c).
2
Suppose 16 = -5*m + 4*x, 0*x = 3*m - x + 4. Suppose -15 = -m*i - i. List the prime factors of 5/10 - i/(-2).
2
Let w = 5 - 5. Suppose 2*d - 6 = -w*d. Suppose d = 3*t + 3*c, -5*t + 3 = 4*c - 5. What are the prime factors of t?
2
Let p be (-6 + 3)/(6/(-4)). Let m be 7/(p - (-9)/(-5)). Suppose -4*g + m = g + 2*w, 4*w + 21 = 3*g. List the prime factors of g.
7
Let h(l) = -l**3 + 4*l**2 + 4*l + 4. Let u be h(5). Let d = u - 0. List the prime factors of (11 - (d - -1)) + 1.
2, 3
Let c = 31 + 10. What are the prime factors of c?
41
Suppose 5*n + 156 = 7*n. What are the prime factors of n?
2, 3, 13
Let r(a) = 2*a**2 + 2*a - 6. What are the prime factors of r(-4)?
2, 3
Let y = -45 - -189. Suppose 40 + y = 4*k. What are the prime factors of k?
2, 23
Suppose -6*c - 93 = -3*c + 3*z, 5*c = z - 143. Let r = c + 20. Let v = 0 - r. List the prime factors of v.
3
Let m be 8/(-28) + 58/7. Let q = -8 + m. List the prime factors of 12 - (-2 + q/(-3)).
2, 7
Let m = -27 + 88. List the prime factors of m.
61
Let x(j) = -j**3 + 13*j**2 - 10*j - 11. Let g(v) = v**3 - 13*v**2 + 11*v + 10. Let a(m) = 4*g(m) + 5*x(m). List the prime factors of a(12).
3, 19
Let y be 1/((4/3)/4). Suppose -3*l + 69 = -3*k, -2*l - 2*l + 74 = -y*k. List the prime factors of (-32)/k - (-6)/27.
2
Let q(c) = -5*c - 2. Let b be q(-3). Suppose 4*s - b + 1 = 0. List the prime factors of s.
3
Let z(l) = -2*l - 7. What are the prime factors of z(-15)?
23
Let u(f) = f**2 - f - 2. Let b be u(5). Suppose 2*p + 0*p + b = 0. What are the prime factors of (-18)/(-2)*(-6)/p?
2, 3
Let g = 50 + -25. What are the prime factors of g?
5
Let h(l) be the first derivative of -l**2/2 + 38*l - 2. Let t be h(0). Suppose 4*w + 30 - 84 = 3*d, d + t = 3*w. List the prime factors of w.
2, 3
Let b be 1 + 1 + 6/3. Let h(j) = -9*j - 1. Let w be h(1). What are the prime factors of (3 - 9)*w/b?
3, 5
Suppose -3*c = -4*u - 11 - 10, 5*c - 5*u = 30. Suppose -c*v = -30 - 27. What are the prime factors of v?
19
Let x(b) = 1 + 1 - b - 2 - 2. What are the prime factors of x(-5)?
3
Let h(k) = -k**2 - 7*k - 5. Let p be h(-5). Suppose -5*n = -c + 85, n = p*c - 4*n - 325. List the prime factors of c.
2, 3, 5
List the prime factors of 492/6 + 3/(-3).
3
Let z(g) = g + 3. Let y(m) = -m - 5. Let t(x) = -4*y(x) - 7*z(x). Let o be t(-1). Suppose -4 = o*l - 38. List the prime factors of l.
17
Suppose m - 3*q = 8, 3*m - 4*q - 24 = -2*q. Let o(p) = 4*p - 5. What are the prime factors of o(m)?
3
Suppose 2*q + 3*q = 30. What are the prime factors of q?
2, 3
Suppose -9*a + 4*a = -40. What are the prime factors of a?
2
Let d = 11 - -24. List the prime factors of d.
5, 7
Suppose 0 = 2*y - 4*y. Let g(h) = h**2 + 9. List the prime factors of g(y).
3
Let b(o) = o**2 - 7*o - 8. Let k be b(8). Let l(i) = i**3 + i**2 + 5. List the prime factors of l(k).
5
What are the prime factors of 47541/161 - (-4)/(-14)?
5, 59
Let d(i) = i**3 - 7*i**2 + 8*i + 6. Let u be d(6). Suppose -3*k - 5*o + 37 = 8, 2*k - u = -3*o. What are the prime factors of k?
3
Let p = 59 + 0. List the prime factors of p.
59
Suppose 4*o - 3 = 5*g + 32, -3*g = -3*o + 24. What are the prime factors of (-18)/(g + 0 - -2)?
2, 3
Suppose 3*n - 14*n + 649 = 0. What are the prime factors of n?
59
Suppose 4*y - 2*y = 2. Let p = y - 2. What are the prime factors of (p - -3)/((-3)/(-6))?
2
Let i be 1*4*(-8)/(-16). Suppose -3*l + i*b + 26 = -0*l, 0 = -l - 5*b - 14. List the prime factors of l.
2, 3
Suppose 0*d = -d + 42. What are the prime factors of d?
2, 3, 7
Let u(j) = j**3 + 8*j**2 - 2*j - 12. Let b be u(-8). Suppose -b*t = y - 52, 11 = 4*t + 4*y - 53. What are the prime factors of t?
2, 3
Let h be (-3)/(-6) - (-6)/4. Suppose 47 + 38 = 5*f. Let u = f - h. List the prime factors of u.
3, 5
Suppose k - 37 = -3*b - b, 66 = 3*k - 3*b. Let g = 0 + k. What are the prime factors of g?
5
Let f = 41 + -29. Let o = 24 - f. What are the prime factors of o?
2, 3
Suppose -21 + 65 = 4*v. List the prime factors of v.
11
Suppose -3*l = 2*f - 194, 3*l + 151 + 376 = 5*f. What are the prime factors of f?
103
Suppose 0 = 7*q - 16*q + 1530. What are the prime factors of q?
2, 5, 17
Suppose 8*u + 46 = 6*u. What are the prime factors of u/(1 + (-3 - -1))?
23
Suppose 2*l - 4 = -0*l. Suppose -4 = n, -l*n + 7*n = 5*o - 70. Suppose -o = 2*j - 3*j. What are the prime factors of j?
2, 5
List the prime factors of (-36)/(3/2 - 3).
2, 3
Let q be 7 + (1 - 3 - 1). Suppose -q*a - l = -80, -a + 4*l = -2*a + 20. List the prime factors of a.
2, 5
Suppose -j + 7 + 71 = 0. What are the prime factors of j?
2, 3, 13
Suppose 4*d - 1 = -5. Let n = 1 - d. Suppose 11 = q - z, -5*q - n*z + 39 = -3*z. List the prime factors of q.
7
Suppose 12*q - 5*q = 84. What are the prime factors of q?
2, 3
Let t(k) = -4*k**2 - 2. Let j(m) = m**2 - m + 1. Let r(g) = -2*j(g) - t(g). Let o be r(-2). What are the prime factors of (-7)/(-2) - 2/o?
3
Suppose -2*y + 2 = -28. Suppose 0*h - 3*h + y = 0. Suppose -2*i = -h*s + 80, 3*s = s - 5*i + 32. List the prime factors of s.
2
Suppose 4*p - 7 = 5. Let j = 15 - p. Suppose -3*i - 5*z - 34 = -6*i, 0 = -i + 2*z + j. What are the prime factors 